+ -20 + -2 + (-1 - -5).
-28
What is the value of 68 + (-40 - (-51 + 80))?
-1
Evaluate -4 + -16 + -27 + -13 + 0 + 1 + -4.
-63
Calculate (53 - (14 - -21)) + -8 + (-10 - -1).
1
Calculate -11 + -35 - ((-32 - -38) + -20).
-32
Evaluate (-34 - -62 - 2) + -12.
14
Evaluate 70 + 68 + -159 - -55.
34
What is the value of -3 - (3 + 3 + 2 - 28)?
17
What is the value of (-196 + 113 - -58) + 114?
89
Evaluate (-77 - -27) + 53 + 0 + 46 + 0.
49
What is the value of -54 + 106 + -55 + 13?
10
What is the value of -92 + -15 + 21 + -31 - (5 - 9 - -3)?
-116
What is the value of 165 - (5 + (71 - -68))?
21
(-28 - (-24 - -15) - -19) + 17 + 0
17
Evaluate (1 + 1 - (-64 + 45 + -25)) + -10.
36
Calculate -37 - -9 - -11 - (3 - 74).
54
Calculate -79 + 134 - (15 - 35).
75
-134 - (112 - (28 + 149))
-69
(-5 - -44) + 13 + (-3 + -10 - -1)
40
What is (-1 - 23) + -1211 + 1198 + 5 + 12?
-20
Evaluate -6 - 2 - (-828 + 828).
-8
Evaluate 41 + -115 - (35 + -48).
-61
What is the value of 4 + (8 + -21 - -7) - -27?
25
What is the value of (-229 - 53 - -81) + 101?
-100
2 - -104 - (17076 - 17037)
67
Evaluate -47 + -70 + 13 + 79.
-25
Calculate 2 - (38 - (-7 - -17 - 4)).
-30
(2 - (-50 + (-37 - -99) + -1 + 3)) + -60
-72
Calculate -76 - ((-144 - -131) + -9 + 3).
-57
Calculate -413 - -415 - (-6 + 7 - (0 + 1 - -23)).
25
Evaluate (13 - 31 - -7) + -3 + 6.
-8
What is the value of -16 + (18 + -14 - -16) - (-2 + -4) - 45?
-35
7 + (32 + -10 - (-3 - -16)) + -17 - -17
16
Calculate 7 + (-3 - (2 + -4) - -16) + -710 + 719.
31
(-1 + 2 + -8 - (331 - 334)) + -10
-14
Calculate (1 - -97) + 4 + -10 + 1 + 12 + 7.
112
What is -96 - (9 - (-1 + 13)) - (-26 + 9)?
-76
Calculate (25 - 5) + (-14 + 5 - -7 - -2).
20
What is the value of 73 - (-10 - -10 - (47 + -44)) - -16?
92
Calculate -61 + (1 - 10 - -18 - (14 - 1)).
-65
What is 138 - (92 + -56) - (34 - -5)?
63
What is 8 + -9 + 9 + -13 + 38 - 12?
21
19 + (-13 - (18 + -18 - -16))
-10
What is the value of -97 + (11 - (-13 + 37) - -41)?
-69
-14 + (-5 + 9 - (16 + (-22 - -11)))
-15
Calculate 6 - (2 + -65 - (-188 + 171)).
52
What is (-1 + 0 - 56) + (-51830 - -51815)?
-72
Calculate (40 - 9) + -1 - 3 - 15.
12
Evaluate 1273 + -1440 - (-81 + 1).
-87
Calculate 1 + (-36 - -8) - -1 - (-2 - 4).
-20
What is 4 + 14 + 6 - (180 + -137)?
-19
(13806 - 13798) + 20 + (-3 - (-3 - (-1 + 0)))
27
What is the value of 118 - ((0 - 23) + -1 - (32 + -6 + -37))?
131
What is (13 + -51 - 7) + 21 + -4 + -5?
-33
184 + -92 - (17 + -1 - 13)
89
Evaluate 15 - -60 - (16 - (-9 - 2) - 16).
64
(-9 + 1 - (-15 + 8) - 3) + 12
8
-28 + (-8 - (-27 + 19))
-28
Calculate -19 - (-11 - (14 - (-18 + 37))).
-13
48 + -113 + 131 + 78
144
Calculate (-12 + (-15 - 15) - 14 - -7) + 0.
-49
-34 + 117 + 172 + -258
-3
Evaluate 19 - (-4 - -3) - (183 - 52) - -13.
-98
What is the value of -14 + (-7 - 0) + (1897 - 1908)?
-32
What is (-15 - 12 - -19) + -7 + 12 + 32?
29
Evaluate 25 + (-180 - -101) + -52.
-106
What is 11 + -1 + 9 + 26 + -2?
43
Calculate (50 - (16 - 0)) + -53 + -19.
-38
-21 - 20 - (-38 - -8)
-11
Evaluate (-60 + (-1 - -1) - -7) + 4 + 6 - 3.
-46
Evaluate (-118 - (-9 - 6 - -7)) + (2 - 8) - 12.
-128
Evaluate 14 + -18 + 13 - (-11 + -2 - -6 - 31).
47
Evaluate (-4 - (3 + -15) - 7) + -11 - (-2 + 17).
-25
What is -5002 + 5065 + (-86 - 1)?
-24
What is the value of (0 - 3 - 47) + -677 + 707?
-20
(0 + -1 - 6) + 0 - (23 - (0 + 11))
-19
Calculate (1 - -79) + 69 + -12 + -77.
60
18 + (-119 - -59) - (30 - -6)
-78
What is the value of -3 - (0 + -15 + 6) - (11 + -23)?
18
What is the value of (-74 - (34 - 68)) + 46?
6
Evaluate 15 - -4 - (9 + (-19 - 1) + 3).
27
What is the value of (-163 - -114) + 118 + 19?
88
10 - (77 - (3 - 14)) - (-14 + 7 + -1)
-70
43 + (47 - 63 - 113)
-86
What is the value of -17 - (6 - (5 + -1)) - -6 - (-73 + 70)?
-10
Evaluate (2 - (-20 - -11)) + -9 - 16.
-14
Evaluate 25 - -2 - (0 - (-38 + 17 - -31)).
37
13 + -18 - ((-469 - -532) + (1 - -11))
-80
What is 33 + -51 - (16 + (24 - 36) - (-1 + 8))?
-15
Evaluate (-44 + 47 - (9 + 0)) + 12 + (-5 - -13).
14
Calculate -89 - (23 - (71 - 6)).
-47
(33 - 30 - 64) + 60
-1
What is the value of 78 + -349 + 286 + 1 + -126 + 2?
-108
-7 + 19 + -220 + 206 + (-2 - 1) + -23
-28
Calculate 13 + (24 - 5) + -48 - 42.
-58
Calculate 43 - (18 + 12 + -14) - (10 - (0 - -5)).
22
What is (-355 - -253) + (122 - 20)?
0
Evaluate 3 + 0 + 41 + (74 + -83 - (11 + -13)).
37
-3 - 3 - (-186 + (-3 - -62))
121
Calculate (23 - (-28 + 14)) + -21 - 53.
-37
Calculate (40 - (1 - -43)) + (18 + -10 - (154 - -1)).
-151
Calculate -42 + -26 + -66 + 150.
16
Calculate (-47 - -5) + (19 - 18) + 23 + -8.
-26
What is -19 + 0 - -20 - -5 - ((5 - 1) + -91)?
93
82 + -40 + -34 + 2 + 33 + -4
39
What is (-17 - (-20 - 10)) + (6 - (2 + 46))?
-29
What is (5 - 4) + (-79 - -66) + -2 + 4 + -7?
-17
What is the value of -3 - (-24 - -2) - (-14 + 10 - -9)?
14
Calculate (0 - -9) + (99 - 105) + 6 + -68.
-59
What is 16 + (-8 - -1) - (12 + 3 - -43)?
-49
What is (11 - (19 - 25 - (-33 - -4))) + -9 + 53?
32
Evaluate 42 - (1 + (-5 - 64) + 46).
64
What is the value of 0 + 8 + -18 + (9 + -25 - -10) + -9?
-25
Evaluate 6 + 53 - (2852 - 2784).
-9
What is 0 + 45 + (-3945 - -3942)?
42
Evaluate -35 - (-179 + 95) - -23.
72
What is the value of (338 - 329 - (1 + 21)) + 63?
50
What is 213 + (139 - 288) + 4?
68
Calculate -55 - (-22 + (8 - 38)).
-3
-56 - -159 - 78 - (48 - -1)
-24
7 + -2 + 6 - ((18 - 8) + 17)
-16
What is -7 - (-8 - -5) - (1 - -42)?
-47
Calculate (1 - -55) + (-2162 - -2026).
-80
Evaluate 9 + 12 + 10 + 13 + -33 + -7.
4
What is the value of -76 + 53 - 59 - -3?
-79
What is 41 + -78 + 56 + -17?
2
Evaluate (-1 - 3) + 37 + -13 + (175 - 160).
35
Calculate -157 - -126 - (0 + 15 - (23 - 21)).
-44
Evaluate (3 - ((3 - -52) + -20 + 19 - -13)) + 2.
-62
What is (19 - ((63 - 62) + (0 - -10))) + (0 - -40)?
48
Evaluate -19 - 0 - (426 - 396).
-49
What is the value of 49 + (3 + 7 - 2 - (15 + (-10 - -10)))?
42
Evaluate -4471 + 4422 + (-3 - (-1 - (0 + 3))) + -10.
-58
(23 - (20 + 4 + -14)) + 51
64
Evaluate 10 + (-1 - 6 - (148 + -241)).
96
26 + -1 + -21 + (57 - 62 - -39)
38
Evaluate (146 - 134) + (-86 + (3 - -3) - 0).
-68
What is -75 + -4 - (-17 + 2 + -11 + 28) - 10?
-91
Calculate 17 - ((-5 - (-23 - -45)) + -5).
49
Evaluate 14 - (-7 - -17) - -1 - (32 + -2).
-25
1896 + -1912 - (59 - -1 - 1)
-75
Calculate 5 + -3 + 5 + (-10 + 2 + 10 - 51).
-42
Calculate (2 - 29) + (-549 - -594) + -79.
-61
Evaluate 95 - (50 + -59 + 57).
47
-578 + 575 + 2 + (1 - 3) - (6 + 72)
-81
(262 - 138) + -124 - -132
132
(28 - 56) + (1 - -2 - 14)
-39
What is -47 + 18 + 24 + -36?
-41
What is the value of -1365 + 1267 - (5 + -118)?
15
What is (-1 - 3) + 28 + -6 + (-12 - 4)?
2
16 - (21 + -20) - 4 - -2
13
19 + -61 + (-21 - (-12 - -5)) + 1
-55
2 + (-17 - (-2 - -3)) - (734 - 750)
0
What is the value of 59 + (45 - (24 + 12))?
68
Calculate -42 - -14 - (7 - ((-4 - -6 - -14) + -6)).
-25
What is the value of (4 + -1 - 7 - 2 - -19) + -55?
-42
What is the value of -2 - (4 - (11 - (27 - 23)))?
1
What is -136 - -149 - (14 + 80)?
-81
What is -8 + 12 + (-12 - 2) - (-20 - -10)?
0
Evaluate 10 + -25 - -39 - (1 + 138).
-115
136 + -100 - (-5 + 63) - (7 + (-1 - 1))
-27
-16 - -9 - (-10 - -8 - -42)
-47
Evaluate -1 + -27 - (68 + -72 - -40).
-64
What is the value of -1 - (-7 + -42) - (29 + -29)?
48
What is -11 - (5 - (32 + -1 + (-2 + -1 - -5)))?
17
What is the value of 6 + (-7 - -37) + -97?
-61
Evaluate -12 + -41 + 15 + 23.
-15
26 + -1 + -16 + (17 - (9 - 6))
23
(-81 + 186 - -130) + -123
112
-29 + 11 + 16 + -3 + (-3 - 9)
-17
Evaluate -11 + (-8 - -2) - 4 - 56.
-77
(26 + -22 - 0) + 10 - (1 - (0 + -3))
10
39 + -84 + 55 - 35
-25
-22 + (-633 - -612) + (-3 - -3)
-43
Calculate -45 - (-41 - -7) - 27.
-38
What is (22 - (105 + (-93 - -17))) + (-8 + 1 - -1)?
-13
What is (-1 - (0 - 1)) + (75 + -50 - 24)?
1
Evaluate (-103 - 9) + 6 - (-354 + 347).
-99
Evaluate 47 + 11 + (-10 - (8 - 1 - -1)).
40
Evaluate -8 - (-9 - (-34 + 106)).
73
(1912 - 1934) + 13 + 2 + (1 - 1) + 2
-5
What is the value of 83 - (70 + (-36 - 7))?
56
What is the value of (36 + -23 - 13) + (4 - 1) + 4 + 25?
32
Evaluate (4 - 34) + 115 + -192 + 41.
-66
Evaluate (-186 - -105) + 13 + -3.
-71
Evaluate (73 - -6) + -16 - 66.
-3
What is the value of 41 - (6 - 8) - (-5 + -10 + 11) - 2?
45
What is the value of -156 - -164 - (57 - (-3 + 15))?
-37
-43 - (24 + -5 + -44) - -25
7
What is the value of -2 + (